{"id":23331,"date":"2021-09-14T07:59:23","date_gmt":"2021-09-14T05:59:23","guid":{"rendered":"https:\/\/lavalldecolonya.com\/visites-escolars-i-familiars\/"},"modified":"2025-10-04T11:47:08","modified_gmt":"2025-10-04T10:47:08","slug":"visitas-escolares-y-familiares","status":"publish","type":"page","link":"https:\/\/lavalldecolonya.com\/es\/visitas-escolares-y-familiares\/","title":{"rendered":"Visitas escolares y familiares"},"content":{"rendered":"<p>[et_pb_section fb_built=\u00bb1&#8243; _builder_version=\u00bb4.16&#8243; _module_preset=\u00bbdefault\u00bb global_colors_info=\u00bb{}\u00bb][et_pb_row _builder_version=\u00bb4.16&#8243; _module_preset=\u00bbdefault\u00bb animation_style=\u00bbfade\u00bb global_colors_info=\u00bb{}\u00bb][et_pb_column type=\u00bb4_4&#8243; _builder_version=\u00bb4.16&#8243; _module_preset=\u00bbdefault\u00bb global_colors_info=\u00bb{}\u00bb][et_pb_text _builder_version=\u00bb4.16&#8243; _module_preset=\u00bbdefault\u00bb text_text_color=\u00bb#825C44&#8243; text_font_size=\u00bb16px\u00bb text_line_height=\u00bb1.6em\u00bb header_font=\u00bb|||on|||||\u00bb header_text_align=\u00bbcenter\u00bb header_text_color=\u00bb#693816&#8243; header_font_size=\u00bb35px\u00bb text_orientation=\u00bbcenter\u00bb locked=\u00bboff\u00bb global_colors_info=\u00bb{}\u00bb]<\/p>\n<h1>Visitas escolares y familiares<\/h1>\n<p>Salidas escolares desde la etapa infantil hasta bachillerato<\/p>\n<p>[\/et_pb_text][\/et_pb_column][\/et_pb_row][et_pb_row column_structure=\u00bb1_3,1_3,1_3&#8243; _builder_version=\u00bb4.16&#8243; _module_preset=\u00bbdefault\u00bb max_width=\u00bb1920px\u00bb animation_style=\u00bbfade\u00bb global_colors_info=\u00bb{}\u00bb][et_pb_column type=\u00bb1_3&#8243; _builder_version=\u00bb4.16&#8243; _module_preset=\u00bbdefault\u00bb global_colors_info=\u00bb{}\u00bb][et_pb_blurb title=\u00bbA LA GRANJA\u00bb image=\u00bbhttps:\/\/lavalldecolonya.com\/wp-content\/uploads\/2021\/07\/La-Vall-de-Colonya-Granja-Escola-Pollenca-008.jpg\u00bb _builder_version=\u00bb4.27.4&#8243; _module_preset=\u00bbdefault\u00bb header_font=\u00bb||||||||\u00bb header_text_color=\u00bb#693816&#8243; header_font_size=\u00bb30px\u00bb body_text_align=\u00bbjustify\u00bb body_text_color=\u00bb#825C44&#8243; body_font_size=\u00bb16px\u00bb body_line_height=\u00bb1.6em\u00bb hover_enabled=\u00bb0&#8243; global_colors_info=\u00bb{}\u00bb sticky_enabled=\u00bb0&#8243;]<\/p>\n<p>Ven a ver la Granja con tu escuela o espacio de crianza, os explicaremos todo lo que necesit\u00e1is saber. La visita de un d\u00eda ofrece una visi\u00f3n amplia de la vida en la naturaleza, con experiencias significativas para las personas que nos visitan. Las escuelas tienen la opci\u00f3n de hacer una visita corta de una ma\u00f1ana o de hacer una visita larga y quedarse a comer en la Granja.<\/p>\n<p>[\/et_pb_blurb][\/et_pb_column][et_pb_column type=\u00bb1_3&#8243; _builder_version=\u00bb4.16&#8243; _module_preset=\u00bbdefault\u00bb global_colors_info=\u00bb{}\u00bb][et_pb_blurb title=\u00bbMINI COLONIAS EN LA VALL DE COLONYA\u00bb image=\u00bbhttps:\/\/lavalldecolonya.com\/wp-content\/uploads\/2021\/07\/La-Vall-de-Colonya-Granja-Escola-Pollenca-003.jpg\u00bb _builder_version=\u00bb4.27.4&#8243; _module_preset=\u00bbdefault\u00bb header_font=\u00bb||||||||\u00bb header_text_color=\u00bb#693816&#8243; header_font_size=\u00bb30px\u00bb body_text_align=\u00bbjustify\u00bb body_text_color=\u00bb#825C44&#8243; body_font_size=\u00bb16px\u00bb body_line_height=\u00bb1.6em\u00bb hover_enabled=\u00bb0&#8243; global_colors_info=\u00bb{}\u00bb sticky_enabled=\u00bb0&#8243;]<\/p>\n<p>Para las escuelas que nos quieran acompa\u00f1ar durante 2-3 dias y quedarse a dormir cerca de nuestro asno Bernad\u00ed, ofrecemos la opci\u00f3n de montar unas mini colonias para que los alumnos puedan disfrutar de una experiencia \u00fanica rodeados de naturaleza y que aprendan a\u00fan m\u00e1s sobre los animales y la vida en el campo.<\/p>\n<p>[\/et_pb_blurb][\/et_pb_column][et_pb_column type=\u00bb1_3&#8243; _builder_version=\u00bb4.16&#8243; _module_preset=\u00bbdefault\u00bb global_colors_info=\u00bb{}\u00bb][et_pb_blurb title=\u00bbVISITAS FAMILIARES\u00bb image=\u00bbhttps:\/\/lavalldecolonya.com\/wp-content\/uploads\/2021\/07\/La-Vall-de-Colonya-Granja-Escola-Pollenca-016.jpg\u00bb _builder_version=\u00bb4.27.4&#8243; _module_preset=\u00bbdefault\u00bb header_font=\u00bb||||||||\u00bb header_text_color=\u00bb#693816&#8243; header_font_size=\u00bb30px\u00bb body_text_align=\u00bbjustify\u00bb body_text_color=\u00bb#825C44&#8243; body_font_size=\u00bb16px\u00bb body_line_height=\u00bb1.6em\u00bb hover_enabled=\u00bb0&#8243; global_colors_info=\u00bb{}\u00bb sticky_enabled=\u00bb0&#8243;]<\/p>\n<p>\u00a1Los padres tambi\u00e9n pod\u00e9is pasarlo bien! Venid en familia, la Granja no es solo para los m\u00e1s peque\u00f1os, vosotros tambi\u00e9n pod\u00e9is pasarlo bien! Interactuar con los animales: Venid a conocer a los animales los fines de semana, festivos, durante el verano, acariciarlos y dales de comer si quieres.<\/p>\n<p>SIEMPRE CON CITA PREVIA<\/p>\n<p>[\/et_pb_blurb][\/et_pb_column][\/et_pb_row][et_pb_row _builder_version=\u00bb4.16&#8243; _module_preset=\u00bbdefault\u00bb animation_style=\u00bbfade\u00bb global_colors_info=\u00bb{}\u00bb][et_pb_column type=\u00bb4_4&#8243; _builder_version=\u00bb4.16&#8243; _module_preset=\u00bbdefault\u00bb global_colors_info=\u00bb{}\u00bb][et_pb_button button_url=\u00bb@ET-DC@eyJkeW5hbWljIjp0cnVlLCJjb250ZW50IjoicG9zdF9saW5rX3VybF9wYWdlIiwic2V0dGluZ3MiOnsicG9zdF9pZCI6IjIxMTEzIn19@\u00bb button_text=\u00bbContacta con nosotros\u00bb button_alignment=\u00bbcenter\u00bb _builder_version=\u00bb4.16&#8243; _dynamic_attributes=\u00bbbutton_url\u00bb _module_preset=\u00bbdefault\u00bb custom_button=\u00bbon\u00bb button_text_size=\u00bb20px\u00bb button_text_color=\u00bb#693816&#8243; button_bg_color=\u00bb#E2D3CC\u00bb button_border_color=\u00bb#E2D3CC\u00bb button_use_icon=\u00bboff\u00bb position_origin_a=\u00bbcenter_center\u00bb custom_margin=\u00bb||||false|false\u00bb global_colors_info=\u00bb{}\u00bb][\/et_pb_button][\/et_pb_column][\/et_pb_row][\/et_pb_section]<\/p>\n","protected":false},"excerpt":{"rendered":"<p>Visitas escolares y familiares Salidas escolares desde la etapa infantil hasta bachilleratoVen a ver la Granja con tu escuela o espacio de crianza, os explicaremos todo lo que necesit\u00e1is saber. La visita de un d\u00eda ofrece una visi\u00f3n amplia de la vida en la naturaleza, con experiencias significativas para las personas que nos visitan. Las [&hellip;]<\/p>\n","protected":false},"author":1,"featured_media":0,"parent":0,"menu_order":0,"comment_status":"closed","ping_status":"closed","template":"","meta":{"_et_pb_use_builder":"on","_et_pb_old_content":"","_et_gb_content_width":"","_joinchat":[],"footnotes":""},"dipi_cpt_category":[],"class_list":["post-23331","page","type-page","status-publish","hentry"],"_links":{"self":[{"href":"https:\/\/lavalldecolonya.com\/es\/wp-json\/wp\/v2\/pages\/23331","targetHints":{"allow":["GET"]}}],"collection":[{"href":"https:\/\/lavalldecolonya.com\/es\/wp-json\/wp\/v2\/pages"}],"about":[{"href":"https:\/\/lavalldecolonya.com\/es\/wp-json\/wp\/v2\/types\/page"}],"author":[{"embeddable":true,"href":"https:\/\/lavalldecolonya.com\/es\/wp-json\/wp\/v2\/users\/1"}],"replies":[{"embeddable":true,"href":"https:\/\/lavalldecolonya.com\/es\/wp-json\/wp\/v2\/comments?post=23331"}],"version-history":[{"count":5,"href":"https:\/\/lavalldecolonya.com\/es\/wp-json\/wp\/v2\/pages\/23331\/revisions"}],"predecessor-version":[{"id":24051,"href":"https:\/\/lavalldecolonya.com\/es\/wp-json\/wp\/v2\/pages\/23331\/revisions\/24051"}],"wp:attachment":[{"href":"https:\/\/lavalldecolonya.com\/es\/wp-json\/wp\/v2\/media?parent=23331"}],"wp:term":[{"taxonomy":"dipi_cpt_category","embeddable":true,"href":"https:\/\/lavalldecolonya.com\/es\/wp-json\/wp\/v2\/dipi_cpt_category?post=23331"}],"curies":[{"name":"wp","href":"https:\/\/api.w.org\/{rel}","templated":true}]}}

<p>[et_pb_section fb_built=»1&#8243; _builder_version=»4.16&#8243; _module_preset=»default» global_colors_info=»{}»][et_pb_row _builder_version=»4.16&#8243; _module_preset=»default» animation_style=»fade» global_colors_info=»{}»][et_pb_column type=»4_4&#8243; _builder_version=»4.16&#8243; _module_preset=»default» global_colors_info=»{}»][et_pb_text _builder_version=»4.16&#8243; _module_preset=»default» text_text_color=»#825C44&#8243; text_font_size=»16px» text_line_height=»1.6em» header_font=»|||on|||||» header_text_align=»center» header_text_color=»#693816&#8243; header_font_size=»35px» text_orientation=»center» locked=»off» global_colors_info=»{}»]</p>
<h1>Visitas escolares y familiares</h1>
<p>Salidas escolares desde la etapa infantil hasta bachillerato</p>
<p>[/et_pb_text][/et_pb_column][/et_pb_row][et_pb_row column_structure=»1_3,1_3,1_3&#8243; _builder_version=»4.16&#8243; _module_preset=»default» max_width=»1920px» animation_style=»fade» global_colors_info=»{}»][et_pb_column type=»1_3&#8243; _builder_version=»4.16&#8243; _module_preset=»default» global_colors_info=»{}»][et_pb_blurb title=»A LA GRANJA» image=»https://lavalldecolonya.com/wp-content/uploads/2021/07/La-Vall-de-Colonya-Granja-Escola-Pollenca-008.jpg» _builder_version=»4.27.4&#8243; _module_preset=»default» header_font=»||||||||» header_text_color=»#693816&#8243; header_font_size=»30px» body_text_align=»justify» body_text_color=»#825C44&#8243; body_font_size=»16px» body_line_height=»1.6em» hover_enabled=»0&#8243; global_colors_info=»{}» sticky_enabled=»0&#8243;]</p>
<p>Ven a ver la Granja con tu escuela o espacio de crianza, os explicaremos todo lo que necesitáis saber. La visita de un día ofrece una visión amplia de la vida en la naturaleza, con experiencias significativas para las personas que nos visitan. Las escuelas tienen la opción de hacer una visita corta de una mañana o de hacer una visita larga y quedarse a comer en la Granja.</p>
<p>[/et_pb_blurb][/et_pb_column][et_pb_column type=»1_3&#8243; _builder_version=»4.16&#8243; _module_preset=»default» global_colors_info=»{}»][et_pb_blurb title=»MINI COLONIAS EN LA VALL DE COLONYA» image=»https://lavalldecolonya.com/wp-content/uploads/2021/07/La-Vall-de-Colonya-Granja-Escola-Pollenca-003.jpg» _builder_version=»4.27.4&#8243; _module_preset=»default» header_font=»||||||||» header_text_color=»#693816&#8243; header_font_size=»30px» body_text_align=»justify» body_text_color=»#825C44&#8243; body_font_size=»16px» body_line_height=»1.6em» hover_enabled=»0&#8243; global_colors_info=»{}» sticky_enabled=»0&#8243;]</p>
<p>Para las escuelas que nos quieran acompañar durante 2-3 dias y quedarse a dormir cerca de nuestro asno Bernadí, ofrecemos la opción de montar unas mini colonias para que los alumnos puedan disfrutar de una experiencia única rodeados de naturaleza y que aprendan aún más sobre los animales y la vida en el campo.</p>
<p>[/et_pb_blurb][/et_pb_column][et_pb_column type=»1_3&#8243; _builder_version=»4.16&#8243; _module_preset=»default» global_colors_info=»{}»][et_pb_blurb title=»VISITAS FAMILIARES» image=»https://lavalldecolonya.com/wp-content/uploads/2021/07/La-Vall-de-Colonya-Granja-Escola-Pollenca-016.jpg» _builder_version=»4.27.4&#8243; _module_preset=»default» header_font=»||||||||» header_text_color=»#693816&#8243; header_font_size=»30px» body_text_align=»justify» body_text_color=»#825C44&#8243; body_font_size=»16px» body_line_height=»1.6em» hover_enabled=»0&#8243; global_colors_info=»{}» sticky_enabled=»0&#8243;]</p>
<p>¡Los padres también podéis pasarlo bien! Venid en familia, la Granja no es solo para los más pequeños, vosotros también podéis pasarlo bien! Interactuar con los animales: Venid a conocer a los animales los fines de semana, festivos, durante el verano, acariciarlos y dales de comer si quieres.</p>
<p>SIEMPRE CON CITA PREVIA</p>
<p>[/et_pb_blurb][/et_pb_column][/et_pb_row][et_pb_row _builder_version=»4.16&#8243; _module_preset=»default» animation_style=»fade» global_colors_info=»{}»][et_pb_column type=»4_4&#8243; _builder_version=»4.16&#8243; _module_preset=»default» global_colors_info=»{}»][et_pb_button button_url=»@ET-DC@eyJkeW5hbWljIjp0cnVlLCJjb250ZW50IjoicG9zdF9saW5rX3VybF9wYWdlIiwic2V0dGluZ3MiOnsicG9zdF9pZCI6IjIxMTEzIn19@» button_text=»Contacta con nosotros» button_alignment=»center» _builder_version=»4.16&#8243; _dynamic_attributes=»button_url» _module_preset=»default» custom_button=»on» button_text_size=»20px» button_text_color=»#693816&#8243; button_bg_color=»#E2D3CC» button_border_color=»#E2D3CC» button_use_icon=»off» position_origin_a=»center_center» custom_margin=»||||false|false» global_colors_info=»{}»][/et_pb_button][/et_pb_column][/et_pb_row][/et_pb_section]</p>

<p>Visitas escolares y familiares Salidas escolares desde la etapa infantil hasta bachilleratoVen a ver la Granja con tu escuela o espacio de crianza, os explicaremos todo lo que necesitáis saber. La visita de un día ofrece una visión amplia de la vida en la naturaleza, con experiencias significativas para las personas que nos visitan. Las [&hellip;]</p>
